{"id":419,"date":"2023-05-31T22:46:42","date_gmt":"2023-05-31T19:46:42","guid":{"rendered":"https:\/\/ozanamiron.ro\/blog\/?page_id=419"},"modified":"2023-05-31T22:49:02","modified_gmt":"2023-05-31T19:49:02","slug":"politica-setarilor-cookie","status":"publish","type":"page","link":"https:\/\/ozanamiron.ro\/blog\/politica-setarilor-cookie\/","title":{"rendered":"Politica set\u0103rilor cookie"},"content":{"rendered":"<style>\n    a.cky-banner-element {<br \/>\n        padding: 8px 30px;<br \/>\n        background: #F8F9FA;<br \/>\n        color: #858A8F;<br \/>\n        border: 1px solid #DEE2E6;<br \/>\n        box-sizing: border-box;<br \/>\n        border-radius: 2px;<br \/>\n        cursor: pointer;<br \/>\n}<br \/>\n<\/style>\n<p>Data de intrare \u00een vigoare: 31-May-2023<br \/>\nUltima actualizare: 31-May-2023<\/p>\n<h5>Ce sunt cookie-urile?<\/h5>\n<div class=\"cookie-policy-p\">\n<p>Aceast\u0103 politic\u0103 a cookie-urilor explic\u0103 ce anume sunt cookie-urile \u0219i cum le folosim, ce tipuri de cookie-uri folosim mai precis, ce informa\u021bii colect\u0103m prin cookie-uri \u0219i cum sunt aceste informa\u021bii folosite, precum \u0219i cum s\u0103 v\u0103 gestiona\u021bi set\u0103rile cookie.<\/p>\n<p>Cookie-urile sunt mici fi\u0219iere text care sunt folosite pentru a stoca mici informa\u021bii. Ele sunt stocate pe dispozitivul dumneavoastr\u0103 atunci c\u00e2nd site-ul este \u00eenc\u0103rcat \u00een browserul dumneavoastr\u0103. Aceste cookie-uri ajut\u0103 site-ul s\u0103 func\u021bioneze corespunz\u0103tor, \u00eel fac mai sigur, ofer\u0103 o experien\u021b\u0103 \u00eembun\u0103t\u0103\u021bit\u0103 utilizatorului, \u0219i ne ajut\u0103 s\u0103 \u00een\u021belegem \u0219i s\u0103 analiz\u0103m cum se descurc\u0103 site-ul, ce merge \u0219i unde are nevoie de \u00eembun\u0103t\u0103\u021bire.<\/p>\n<\/div>\n<h5>Com folosim cookie-urile?<\/h5>\n<div class=\"cookie-policy-p\">\n<p>La fel ca cele mai multe servicii online, acest site folose\u0219te cookie-uri primare \u0219i ter\u021be pentru mai multe scopuri. Cookie-urile primare sunt \u00een principal necesare pentru ca site-ul s\u0103 func\u021bioneze corect, \u0219i nu colecteaz\u0103 nicio informa\u021bie persoanal\u0103 identificabil\u0103.<\/p>\n<p>Cookie-urile ter\u021be folosite pe site-ul nostru au \u00een principal rolul de a ne ajuta s\u0103 ne d\u0103m seama de performan\u021ba site-ului \u0219i de cum interac\u021biona\u021bi dumneavoastr\u0103 cu el, de a ne men\u021bine serviciile sigure, de a oferi publicitate relevant\u0103 pentru dumneavoastr\u0103, \u0219i \u00een general de a v\u0103 oferi o experien\u021b\u0103 mai bun\u0103 \u0219i \u00eembun\u0103t\u0103\u021bit\u0103 de navigare \u0219i de a cre\u0219te \u00een viitor viteza \u00een care se deruleaz\u0103 interac\u021biunile dumneavoastr\u0103 cu site-ul.<\/p>\n<\/div>\n<h5>Ce tipuri de cookie-uri sunt folosite<\/h5>\n<div class=\"cky-audit-table-element\"><\/div>\n<h5 style=\"margin-bottom: 20px;\">Gestionarea set\u0103rilor cookie<\/h5>\n<p><a class=\"cky-banner-element\">Set\u0103rile cookie<\/a><\/p>\n<div>\n<p>V\u0103 pute\u021bi oric\u00e2nd modifica preferin\u021bele pentru cookie-uri, ap\u0103s\u00e2nd butonul de mai sus. Ve\u021bi deschide astfel set\u0103rile din banner-ul pentru personalizarea preferin\u021belor de consim\u021b\u0103m\u00e2nt, unde ve\u021bi putea s\u0103 v\u0103 modifica\u021bi sau s\u0103 v\u0103 retrage\u021bi imediat consim\u021b\u0103m\u00e2ntul.<\/p>\n<p>\u00cen plus, cele mai multe browsere ofer\u0103 diferite metode de a bloca \u0219i \u0219terge cookie-urile folosite de site-uri web. Pute\u021bi schimba set\u0103rile din browserul dumneavoastr\u0103 pentru a bloca sau \u0219terge cookie-uri. Mai jos sunt link-uri c\u0103tre documentele informative despre cum s\u0103 gestiona\u021bi sau \u0219terge\u021bi cookie-urile din cele mai importante browsere (\u00een englez\u0103).<\/p>\n<p>Chrome: <a href=\"https:\/\/support.google.com\/accounts\/answer\/32050\" target=\"_blank\" rel=\"noopener noreferrer\">https:\/\/support.google.com\/accounts\/answer\/32050<\/a><\/p>\n<p>Safari: <a href=\"https:\/\/support.apple.com\/en-in\/guide\/safari\/sfri11471\/mac\" target=\"_blank\" rel=\"noopener noreferrer\">https:\/\/support.apple.com\/en-in\/guide\/safari\/sfri11471\/mac<\/a><\/p>\n<p>Firefox: <a href=\"https:\/\/support.mozilla.org\/en-US\/kb\/clear-cookies-and-site-data-firefox?redirectslug=delete-cookies-remove-info-websites-stored&amp;redirectlocale=en-US\" target=\"_blank\" rel=\"noopener noreferrer\">https:\/\/support.mozilla.org\/en-US\/kb\/clear-cookies-and-site-data-firefox?redirectslug=delete-cookies-remove-info-websites-stored&amp;redirectlocale=en-US<\/a><\/p>\n<p>Internet Explorer: <a href=\"https:\/\/support.microsoft.com\/en-us\/topic\/how-to-delete-cookie-files-in-internet-explorer-bca9446f-d873-78de-77ba-d42645fa52fc\" target=\"_blank\" rel=\"noopener noreferrer\">https:\/\/support.microsoft.com\/en-us\/topic\/how-to-delete-cookie-files-in-internet-explorer-bca9446f-d873-78de-77ba-d42645fa52fc<\/a><\/p>\n<p>Dac\u0103 folosi\u021bi un alt browser dec\u00e2t cele de mai sus, v\u0103 rug\u0103m vizita\u021bi documentele oficiale de suport ale browser-ului dumneavoastr\u0103.<\/p>\n<\/div>\n<p class=\"cookie-policy-p\">Politica cookie este generat\u0103 de <a href=\"https:\/\/www.cookieyes.com\/?utm_source=CP&amp;utm_medium=footer&amp;utm_campaign=UW\" target=\"_blank\" rel=\"noopener\">CookieYes &#8211; Cookie Policy Generator<\/a>.<\/p>\n","protected":false},"excerpt":{"rendered":"<p>Data de intrare \u00een vigoare: 31-May-2023 Ultima actualizare: 31-May-2023 Ce sunt cookie-urile? Aceast\u0103 politic\u0103 a cookie-urilor explic\u0103 ce anume sunt cookie-urile \u0219i cum le folosim, ce tipuri de cookie-uri folosim mai precis, ce informa\u021bii colect\u0103m prin cookie-uri \u0219i cum sunt aceste informa\u021bii folosite, precum \u0219i cum s\u0103 v\u0103 gestiona\u021bi set\u0103rile cookie. Cookie-urile sunt mici fi\u0219iere &hellip; <a href=\"https:\/\/ozanamiron.ro\/blog\/politica-setarilor-cookie\/\" class=\"more-link\">Continue reading <span class=\"screen-reader-text\">Politica set\u0103rilor cookie<\/span><\/a><\/p>\n","protected":false},"author":1,"featured_media":0,"parent":0,"menu_order":0,"comment_status":"closed","ping_status":"closed","template":"","meta":{"jetpack_post_was_ever_published":false,"footnotes":""},"yoast_head":"<!-- This site is optimized with the Yoast SEO plugin v24.5 - https:\/\/yoast.com\/wordpress\/plugins\/seo\/ -->\n<title>Politica set\u0103rilor cookie - Ozana Miron<\/title>\n<meta name=\"description\" content=\"Ce sunt cookie-urile, ce cookie-uri folose\u0219te acest site \u0219i pentru ce scopuri, \u0219i cum pute\u021bi schimba preferin\u021bele privind set\u0103rile cookie.\" \/>\n<meta name=\"robots\" content=\"index, follow, max-snippet:-1, max-image-preview:large, max-video-preview:-1\" \/>\n<link rel=\"canonical\" href=\"https:\/\/ozanamiron.ro\/blog\/politica-setarilor-cookie\/\" \/>\n<meta property=\"og:locale\" content=\"en_US\" \/>\n<meta property=\"og:type\" content=\"article\" \/>\n<meta property=\"og:title\" content=\"Politica set\u0103rilor cookie - Ozana Miron\" \/>\n<meta property=\"og:description\" content=\"Ce sunt cookie-urile, ce cookie-uri folose\u0219te acest site \u0219i pentru ce scopuri, \u0219i cum pute\u021bi schimba preferin\u021bele privind set\u0103rile cookie.\" \/>\n<meta property=\"og:url\" content=\"https:\/\/ozanamiron.ro\/blog\/politica-setarilor-cookie\/\" \/>\n<meta property=\"og:site_name\" content=\"Ozana Miron\" \/>\n<meta property=\"article:publisher\" content=\"https:\/\/www.facebook.com\/Psihoterapeut.Ozana.Miron\/\" \/>\n<meta property=\"article:modified_time\" content=\"2023-05-31T19:49:02+00:00\" \/>\n<meta name=\"twitter:label1\" content=\"Est. reading time\" \/>\n\t<meta name=\"twitter:data1\" content=\"2 minutes\" \/>\n<script type=\"application\/ld+json\" class=\"yoast-schema-graph\">{\"@context\":\"https:\/\/schema.org\",\"@graph\":[{\"@type\":\"WebPage\",\"@id\":\"https:\/\/ozanamiron.ro\/blog\/politica-setarilor-cookie\/\",\"url\":\"https:\/\/ozanamiron.ro\/blog\/politica-setarilor-cookie\/\",\"name\":\"Politica set\u0103rilor cookie - Ozana Miron\",\"isPartOf\":{\"@id\":\"https:\/\/ozanamiron.ro\/blog\/#website\"},\"datePublished\":\"2023-05-31T19:46:42+00:00\",\"dateModified\":\"2023-05-31T19:49:02+00:00\",\"description\":\"Ce sunt cookie-urile, ce cookie-uri folose\u0219te acest site \u0219i pentru ce scopuri, \u0219i cum pute\u021bi schimba preferin\u021bele privind set\u0103rile cookie.\",\"breadcrumb\":{\"@id\":\"https:\/\/ozanamiron.ro\/blog\/politica-setarilor-cookie\/#breadcrumb\"},\"inLanguage\":\"en-US\",\"potentialAction\":[{\"@type\":\"ReadAction\",\"target\":[\"https:\/\/ozanamiron.ro\/blog\/politica-setarilor-cookie\/\"]}]},{\"@type\":\"BreadcrumbList\",\"@id\":\"https:\/\/ozanamiron.ro\/blog\/politica-setarilor-cookie\/#breadcrumb\",\"itemListElement\":[{\"@type\":\"ListItem\",\"position\":1,\"name\":\"Home\",\"item\":\"https:\/\/ozanamiron.ro\/blog\/\"},{\"@type\":\"ListItem\",\"position\":2,\"name\":\"Politica set\u0103rilor cookie\"}]},{\"@type\":\"WebSite\",\"@id\":\"https:\/\/ozanamiron.ro\/blog\/#website\",\"url\":\"https:\/\/ozanamiron.ro\/blog\/\",\"name\":\"Ozana Miron\",\"description\":\"Din pasiune, despre psihoterapia centrat\u0103 pe persoan\u0103.\",\"publisher\":{\"@id\":\"https:\/\/ozanamiron.ro\/blog\/#organization\"},\"potentialAction\":[{\"@type\":\"SearchAction\",\"target\":{\"@type\":\"EntryPoint\",\"urlTemplate\":\"https:\/\/ozanamiron.ro\/blog\/?s={search_term_string}\"},\"query-input\":{\"@type\":\"PropertyValueSpecification\",\"valueRequired\":true,\"valueName\":\"search_term_string\"}}],\"inLanguage\":\"en-US\"},{\"@type\":\"Organization\",\"@id\":\"https:\/\/ozanamiron.ro\/blog\/#organization\",\"name\":\"Ozana Miron\",\"url\":\"https:\/\/ozanamiron.ro\/blog\/\",\"logo\":{\"@type\":\"ImageObject\",\"inLanguage\":\"en-US\",\"@id\":\"https:\/\/ozanamiron.ro\/blog\/#\/schema\/logo\/image\/\",\"url\":\"https:\/\/i0.wp.com\/ozanamiron.ro\/blog\/wp-content\/uploads\/2015\/03\/copac-si-nori.jpg?fit=1080%2C1920&ssl=1\",\"contentUrl\":\"https:\/\/i0.wp.com\/ozanamiron.ro\/blog\/wp-content\/uploads\/2015\/03\/copac-si-nori.jpg?fit=1080%2C1920&ssl=1\",\"width\":1080,\"height\":1920,\"caption\":\"Ozana Miron\"},\"image\":{\"@id\":\"https:\/\/ozanamiron.ro\/blog\/#\/schema\/logo\/image\/\"},\"sameAs\":[\"https:\/\/www.facebook.com\/Psihoterapeut.Ozana.Miron\/\"]}]}<\/script>\n<!-- \/ Yoast SEO plugin. -->","yoast_head_json":{"title":"Politica set\u0103rilor cookie - Ozana Miron","description":"Ce sunt cookie-urile, ce cookie-uri folose\u0219te acest site \u0219i pentru ce scopuri, \u0219i cum pute\u021bi schimba preferin\u021bele privind set\u0103rile cookie.","robots":{"index":"index","follow":"follow","max-snippet":"max-snippet:-1","max-image-preview":"max-image-preview:large","max-video-preview":"max-video-preview:-1"},"canonical":"https:\/\/ozanamiron.ro\/blog\/politica-setarilor-cookie\/","og_locale":"en_US","og_type":"article","og_title":"Politica set\u0103rilor cookie - Ozana Miron","og_description":"Ce sunt cookie-urile, ce cookie-uri folose\u0219te acest site \u0219i pentru ce scopuri, \u0219i cum pute\u021bi schimba preferin\u021bele privind set\u0103rile cookie.","og_url":"https:\/\/ozanamiron.ro\/blog\/politica-setarilor-cookie\/","og_site_name":"Ozana Miron","article_publisher":"https:\/\/www.facebook.com\/Psihoterapeut.Ozana.Miron\/","article_modified_time":"2023-05-31T19:49:02+00:00","twitter_misc":{"Est. reading time":"2 minutes"},"schema":{"@context":"https:\/\/schema.org","@graph":[{"@type":"WebPage","@id":"https:\/\/ozanamiron.ro\/blog\/politica-setarilor-cookie\/","url":"https:\/\/ozanamiron.ro\/blog\/politica-setarilor-cookie\/","name":"Politica set\u0103rilor cookie - Ozana Miron","isPartOf":{"@id":"https:\/\/ozanamiron.ro\/blog\/#website"},"datePublished":"2023-05-31T19:46:42+00:00","dateModified":"2023-05-31T19:49:02+00:00","description":"Ce sunt cookie-urile, ce cookie-uri folose\u0219te acest site \u0219i pentru ce scopuri, \u0219i cum pute\u021bi schimba preferin\u021bele privind set\u0103rile cookie.","breadcrumb":{"@id":"https:\/\/ozanamiron.ro\/blog\/politica-setarilor-cookie\/#breadcrumb"},"inLanguage":"en-US","potentialAction":[{"@type":"ReadAction","target":["https:\/\/ozanamiron.ro\/blog\/politica-setarilor-cookie\/"]}]},{"@type":"BreadcrumbList","@id":"https:\/\/ozanamiron.ro\/blog\/politica-setarilor-cookie\/#breadcrumb","itemListElement":[{"@type":"ListItem","position":1,"name":"Home","item":"https:\/\/ozanamiron.ro\/blog\/"},{"@type":"ListItem","position":2,"name":"Politica set\u0103rilor cookie"}]},{"@type":"WebSite","@id":"https:\/\/ozanamiron.ro\/blog\/#website","url":"https:\/\/ozanamiron.ro\/blog\/","name":"Ozana Miron","description":"Din pasiune, despre psihoterapia centrat\u0103 pe persoan\u0103.","publisher":{"@id":"https:\/\/ozanamiron.ro\/blog\/#organization"},"potentialAction":[{"@type":"SearchAction","target":{"@type":"EntryPoint","urlTemplate":"https:\/\/ozanamiron.ro\/blog\/?s={search_term_string}"},"query-input":{"@type":"PropertyValueSpecification","valueRequired":true,"valueName":"search_term_string"}}],"inLanguage":"en-US"},{"@type":"Organization","@id":"https:\/\/ozanamiron.ro\/blog\/#organization","name":"Ozana Miron","url":"https:\/\/ozanamiron.ro\/blog\/","logo":{"@type":"ImageObject","inLanguage":"en-US","@id":"https:\/\/ozanamiron.ro\/blog\/#\/schema\/logo\/image\/","url":"https:\/\/i0.wp.com\/ozanamiron.ro\/blog\/wp-content\/uploads\/2015\/03\/copac-si-nori.jpg?fit=1080%2C1920&ssl=1","contentUrl":"https:\/\/i0.wp.com\/ozanamiron.ro\/blog\/wp-content\/uploads\/2015\/03\/copac-si-nori.jpg?fit=1080%2C1920&ssl=1","width":1080,"height":1920,"caption":"Ozana Miron"},"image":{"@id":"https:\/\/ozanamiron.ro\/blog\/#\/schema\/logo\/image\/"},"sameAs":["https:\/\/www.facebook.com\/Psihoterapeut.Ozana.Miron\/"]}]}},"jetpack_sharing_enabled":true,"jetpack_shortlink":"https:\/\/wp.me\/P5O37M-6L","_links":{"self":[{"href":"https:\/\/ozanamiron.ro\/blog\/wp-json\/wp\/v2\/pages\/419"}],"collection":[{"href":"https:\/\/ozanamiron.ro\/blog\/wp-json\/wp\/v2\/pages"}],"about":[{"href":"https:\/\/ozanamiron.ro\/blog\/wp-json\/wp\/v2\/types\/page"}],"author":[{"embeddable":true,"href":"https:\/\/ozanamiron.ro\/blog\/wp-json\/wp\/v2\/users\/1"}],"replies":[{"embeddable":true,"href":"https:\/\/ozanamiron.ro\/blog\/wp-json\/wp\/v2\/comments?post=419"}],"version-history":[{"count":5,"href":"https:\/\/ozanamiron.ro\/blog\/wp-json\/wp\/v2\/pages\/419\/revisions"}],"predecessor-version":[{"id":424,"href":"https:\/\/ozanamiron.ro\/blog\/wp-json\/wp\/v2\/pages\/419\/revisions\/424"}],"wp:attachment":[{"href":"https:\/\/ozanamiron.ro\/blog\/wp-json\/wp\/v2\/media?parent=419"}],"curies":[{"name":"wp","href":"https:\/\/api.w.org\/{rel}","templated":true}]}}